t r(h) = h + 23. Suppose 22 = -191*n + 189*n. Determine r(n).
12
Let b(s) = -11*s - 56. Let h(n) = 48*n + 222. Let c(o) = 9*b(o) + 2*h(o). Determine c(-24).
12
Let u(t) = 2*t**3 + 37*t**2 + 16*t - 28. Suppose 2*f = -h - 40, -828*f + 829*f + 14 = h. Give u(f).
8
Let f(g) = 109*g**2 + g + 8. Let i(x) = 22*x**2 + 2*x - 1. Let p(v) = f(v) - 5*i(v). Determine p(-4).
33
Let b(j) = 5*j - 16. Let f be b(7). Let t be 5/(-2)*(17 - f). Suppose t*a - 2 - 3 = 0. Let k(p) = -9*p**3 + p**2 + p - 1. Determine k(a).
-8
Let m(l) = l**3 + 7*l**2 + 7*l + 7. Let z = 8159 - 8165. Calculate m(z).
1
Let n be (88/32 - 3) + (-41)/(-4). Let x(w) = -1 - 7 + 3 + n - 3*w - 2. Calculate x(-5).
18
Suppose 2*b + 4 = -4*d, -2*b + 2*d + 41 = -3*d. Suppose 2 = 2*k - 10. Let a(r) = -k*r**2 - 416*r**3 + 417*r**3 + 0*r + 8 - 2*r**2 - r. Calculate a(b).
0
Let m(y) be the third derivative of -y**6/120 + 3*y**5/20 + 11*y**4/24 - 4*y**3/3 + y**2. Let z(d) = 3*d**2 - 166*d - 275. Let a be z(57). Determine m(a).
2
Let y(z) be the second derivative of -2 + 1/20*z**5 - 1/6*z**4 + 20*z - 3/2*z**2 + 1/2*z**3. Let l(x) = -x + 2. Let o be l(0). What is y(o)?
3
Let f(k) = 10*k**2 - 31*k - 3. Let g be f(3). Let o(n) = -n**2 - 23*n - 105. Determine o(g).
-3
Let g be 4 + -6 + (4 - 0/(-6)). Suppose 0 = -4*n + g*r - 26, 4*r - 7 = -n. Let c(z) = z**2 + 5*z - 6. Determine c(n).
-6
Let c(i) = -7*i. Let y(o) = -2*o. Let m be (32/(-112))/(((-3)/7)/3). Let h(d) = m*c(d) - 9*y(d). Let s be 2/6 + (-6)/(-9). Determine h(s).
4
Let r = 881 - 889. Let m(u) be the third derivative of u**6/120 + 7*u**5/60 - 3*u**4/8 - 7*u**3/6 - 16*u**2 + 3*u. Calculate m(r).
1
Let u(q) = -9*q**2 + 36*q + 193. Let i(d) = 5*d**2 - 18*d - 103. Let n(k) = 7*i(k) + 4*u(k). Give n(21).
-12
Let i(q) = -2*q - 2. Let o(r) = r**3 + 11*r**2 + 16*r - 9. Let c be o(-9). Suppose -3*t + 4*t - c = 0. Let h be 3 + 56/(-12) - 3/t. Determine i(h).
2
Let a(p) be the second derivative of -p**4/12 + 3*p**3 + 43*p**2/2 - 2*p + 710. Calculate a(19).
24
Let g = -145 - -146. Suppose -u = g - 3. Let l(o) = 5*o + 2. Calculate l(u).
12
Let i be (-19)/4 + (-147)/588. Let p(q) = -q - 3 - q - q + 7. Give p(i).
19
Suppose -94 + 190 = 7*t - 142. Let d(l) = -l**3 + 35*l**2 - 39*l + 170. What is d(t)?
0
Let h(a) = -4*a - 3. Suppose 0 = g + 7*g - 8. Let z be h(g). Let l(r) be the second derivative of r**5/20 + r**4/2 - r**3 + 4*r**2 - r. Determine l(z).
1
Let s be (-35)/14 - (-1)/2. Let z(u) = -22*u + 34. Let n(w) = 10*w - 16. Let g(b) = 13*n(b) + 6*z(b). Determine g(s).
0
Let a(u) = -3*u**2 - 8*u + 11. Let g = 138 - 132. Let b be -12*((-1)/(-3))/((-8)/g). Let s(j) = 4*j**2 + 8*j - 11. Let p(f) = b*a(f) + 2*s(f). Calculate p(-9).
2
Let a = -656 + 648. Let m(f) = 5 - 2 - f + 9 - 20. Determine m(a).
0
Let j(p) = -p + 1. Suppose 0 = -2*g + 323 - 311. Suppose -o = -4*u + 7, g*u - u = 3*o. Determine j(u).
-2
Suppose -47*o - 53 = -100. Let k(u) = -3*u**2 - 71*u + 71. Determine k(o).
-3
Let k(v) = -5*v - 4. Let f = -11 - -61. Let m = f + -45. Suppose -a - 15 = m*c, 5*a + 1 - 6 = -5*c. Calculate k(c).
16
Let o(b) be the third derivative of b**7/840 + b**6/72 - b**5/8 + 5*b**4/24 + 179*b**3/6 + 161*b**2. Let h(g) be the first derivative of o(g). Give h(-7).
12
Let o(v) = 2*v**3 - v**2 - 2*v. Let p be o(2). Suppose 2*j + p + 28 = 0. Let a be (-14)/21 - (-2)/(j/39). Let t(m) = m**2 + 5*m - 3. Calculate t(a).
-3
Suppose 3*n - 27 = m, 65*n - 67*n = 2*m - 26. Let r(z) = z**2 - 11*z + 4. Calculate r(n).
-6
Let d(z) = 7*z**3 + 3*z**2 + z - 12. Let w(p) = -p**3 - p + 1. Let n(v) = -d(v) - 6*w(v). Suppose -338 = -7*f - 233. Suppose -f*b = 34 + 26. What is n(b)?
2
Let r(l) be the second derivative of -l**6/120 - l**5/20 + l**4/6 + l**3/2 + 12*l**2 + 8*l. Let a(y) be the first derivative of r(y). Calculate a(-4).
3
Let s(c) = c**3 - 5*c**2 + 4*c + 7. Let u(d) = 2*d**2 - 50*d + 4. Suppose -8 + 7 = k, -q + 29 = -4*k. Let a be u(q). Give s(a).
7
Let p(b) = b - 1. Let z(a) = 3*a + 2. Let k(n) = -15*p(n) + 3*z(n). Let i = -5 - 2. Let r(m) = -4*m + 14. Let x(j) = i*r(j) + 5*k(j). Calculate x(-6).
19
Let c(p) = -11*p**2 - 3*p - 3. Let y(h) = -7*h**2 - 5*h - 3. Let f(j) = 2*c(j) - 3*y(j). Give f(8).
11
Suppose 6 = -4*w + 2. Let p(b) = -2*b**2 - b - 1. Let k(t) = -t**2 + t - 1. Let i(x) = w*k(x) + p(x). Let l be i(-3). Let a(g) = -g. Give a(l).
3
Let l(u) = -u**2 - 32*u - 60. Let f be (8/6)/((-660)/14850). Give l(f).
0
Let k(u) = 8*u - 10. Let j(p) = -5*p**2 - 86*p - 10. Let b be j(-17). Calculate k(b).
46
Let b(a) = a**2 - 8*a - 7. Let s(l) = l**3 + 6*l**2 + 8*l + 9. Let w be s(-4). Suppose 12 = 13*y - w*y. Suppose -q - 19 = -y*c, -3*q - 3 + 2 = -c. Give b(c).
-14
Let w(v) be the first derivative of v**3/3 - 2*v**2 + v - 1295. Calculate w(4).
1
Suppose -80 = 2*f + 18*f. Let t(p) = 6*p + 20. Let h be t(f). Let j(y) = -4*y - 11. Determine j(h).
5
Let y(q) be the first derivative of -q**4/4 + 6*q**3 + q**2/2 - 14*q + 2. Let k(t) = 869*t + 44337. Let d be k(-51). Give y(d).
4
Suppose 9 = -5*t + 8*t, -4*p = 5*t - 7. Let d be -4 - p - (-8)/1. Let g(y) = y**3 - 5*y**2 - 2*y - 7. Calculate g(d).
17
Let o(x) = -2*x**3 - 52*x**2 - 333*x + 33. Let j be o(-14). Let s(b) = -b**3 - 8*b**2 + 4*b - 16. Determine s(j).
29
Let c(r) = -4*r + 6 + 6*r - 3*r. Let h be (-86)/(23/3 - 7). Let o = h - -135. Calculate c(o).
0
Let h(z) = -12*z - 2. Let k(x) = 26*x + 6. Let d be k(-4). Let t be d/(-12) + -9 - (-2)/(-12). Determine h(t).
10
Let q(l) = l**3 + 16*l**2 - 13*l + 16. Let i = -10677 + 10660. Calculate q(i).
-52
Let g(q) = q**2 + 5*q - 5. Let i be g(-13). Suppose -2*x = -4*h + 2*x - 356, 477 = -5*h - 3*x. Let f = h + i. Let v(w) = w**3 - 6*w**2 + 2*w - 5. Give v(f).
7
Let h(g) be the third derivative of 1/4*g**4 + 1/60*g**5 + 0 + 0*g + 4/3*g**3 + 29*g**2. Give h(-6).
8
Let h(k) = k**3 - 4*k**2 - 2*k - 4. Let q(u) = -u**2 - 37*u - 248. Suppose -419*c = -423*c - 36. Let r be q(c). Calculate h(r).
-12
Suppose 24*u - 213 - 171 = 0. Suppose -f = 2*s + 4, 3*f - u = 5*s - 6. Let j(m) = -2*m**3 - m**2 + m - 2. What is j(s)?
8
Let u(j) = j**3 + 15*j**2 + 26*j + 1. Let x(q) = 134*q - 549. Let n be x(4). Give u(n).
1
Suppose -2*h - 1 - 25 = 0. Let b = -13 - h. Let u(i) = -8 + 4 + 0*i + i + 3. Give u(b).
-1
Suppose -5*c + 5 = -10*c. Let l(w) = 1 - 462*w - 7*w**2 + 913*w - 455*w. Let m(i) = -i**3 - i**2 - i + 1. Let u(p) = c*l(p) + m(p). Determine u(6).
18
Let s = 18582 - 18576. Let d(p) = -3*p**2 + 19*p + 9. Give d(s).
15
Let b be (2/(-8) - (-28)/112)/(-4). Let q(g) = b - 5 + 4 - 11 + 10 + 3*g. Calculate q(3).
7
Let j = 27665 + -27726. Let q(s) = s**2 + 64*s + 196. What is q(j)?
13
Let l(c) = -c**3 - 42*c + 3. Let b be l(0). Let y(x) be the third derivative of -9*x**2 - 1/20*x**5 + 1/12*x**4 + 0 + 1/6*x**b + 0*x. What is y(3)?
-20
Let n(i) = i**3 + 5*i**2 + i - 7. Let x be n(-3). Let q(u) = 2*u + 3 - x - 1. Suppose -g = 5*b + 6, -3*g - 11 = 2*b + 7. Determine q(g).
-18
Let h(m) = 197*m**2 + 5 + 207*m**2 - 4 - 408*m**2 - 4*m + 3*m. Let u(f) = f**3 + 2*f**2 - 2*f - 3. Let p = -2 + 0. Let w be u(p). Calculate h(w).
-4
Let k(g) = -g**3 - 6*g**2 - 25*g - 20. Let u be k(-1). Let v(p) = -p**2 - 2*p + 17. Determine v(u).
17
Let d(w) be the first derivative of 3*w**3 + 3*w**2/2 + 5510. Determine d(3).
90
Let g(x) = x + 5 + 0*x + x. Suppose 7*m = 3*m. Suppose m = -3*f - i - 12, -i = -f - 7 - 1. Calculate g(f).
-5
Let f(c) be the first derivative of c**4/4 + 10*c**3/3 + c**2 + 13*c + 1082. Let d be 1 + -11 - 0/2. Calculate f(d).
-7
Let v(d) = -4*d**2 + 35*d + 2. Let c(h) = 6*h**2 - 53*h - 3. Let t(z) = -5*c(z) - 8*v(z). What is t(7)?
-8
Let j(r) = -8*r**3 - r**2 + 3*r + 2. Let b be j(-1). Let p(q) = 0*q - 7*q + 8*q - b*q**3 + 3*q**3 + q**2. Give p(-1).
3
Let m be 45/180*(-8*1)/2 + 3. Let b(q) = 6*q + 8. Give b(m).
20
Suppose -110*l + 115*l - 20 = 0. Let i(v) be the second derivative of v**4/6 - 2*v**3/3 - v**2/2 + 15*v. Calculate i(l).
15
Let g(x) = 22*x - 45. Let c(y) = 20*y - 40. Let n(f) = -6*c(f) + 5*g(f). Give n(5).
-35
Suppose 4*z + 1 - 3 = -5*h, 4*z + 3*h - 6 = 0. Let l(f) be the third derivative of -f**4/12 + f**3 - f**2 + 164*f. Determine l(z).
0
Let k(t) = -t + 2*t - 1114811 + 3*t + 1114807 - t. Let j(x) = -9*x + 1. Let m be j(1). Calculate k(m).
-28
Suppose 4*t - 62 = 3*t. Suppose 0 = m - 64 + 2. Let k(r) = -t - 9*r**2